{"id":1162,"date":"2013-11-11T16:20:03","date_gmt":"2013-11-11T14:20:03","guid":{"rendered":"http:\/\/www.narodnaosvita.kiev.ua\/?page_id=1162"},"modified":"2017-05-30T08:58:45","modified_gmt":"2017-05-30T06:58:45","slug":"tarnavska-tetyana-verdi%d1%97vna","status":"publish","type":"page","link":"https:\/\/www.narodnaosvita.kiev.ua\/?page_id=1162","title":{"rendered":"\u0422\u0410\u0420\u041d\u0410\u0412\u0421\u042c\u041a\u0410 \u0422\u0435\u0442\u044f\u043d\u0430 \u0412\u0435\u0440\u0434\u0456\u0457\u0432\u043d\u0430"},"content":{"rendered":"<p>\n\t<strong><img decoding=\"async\" src=\"https:\/\/www.narodnaosvita.kiev.ua\/Narodna_osvita\/avtor\/t\/tarnavska.files\/image003.jpg\" style=\"opacity: 0.9; border-width: 0px; border-style: solid; width: 181px; height: 293px; margin: 10px; float: left;\" \/><\/strong>\n<\/p>\n<p style=\"text-align: justify;\">\n\t\u0422\u0435\u0442\u044f\u043d\u0430 \u0412\u0435\u0440\u0434\u0456\u0457\u0432\u043d\u0430 \u0422\u0430\u0440\u043d\u0430\u0432\u0441\u044c\u043a\u0430 &ndash; \u0434\u043e\u0446\u0435\u043d\u0442 \u043a\u0430\u0444\u0435\u0434\u0440\u0438 \u0430\u043d\u0433\u043b\u0456\u0439\u0441\u044c\u043a\u043e\u0457 \u043c\u043e\u0432\u0438 \u0434\u043b\u044f \u0435\u043a\u043e\u043d\u043e\u043c\u0456\u0447\u043d\u0438\u0445 \u0441\u043f\u0435\u0446\u0456\u0430\u043b\u044c\u043d\u043e\u0441\u0442\u0435\u0439 \u041f\u0440\u0438\u0440\u043e\u0434\u043d\u0438\u0447\u043e-\u0433\u0443\u043c\u0430\u043d\u0456\u0442\u0430\u0440\u043d\u043e\u0433\u043e \u041d\u041d\u0406 \u041d\u0430\u0446\u0456\u043e\u043d\u0430\u043b\u044c\u043d\u043e\u0433\u043e \u0443\u043d\u0456\u0432\u0435\u0440\u0441\u0438\u0442\u0435\u0442\u0443 \u0431\u0456\u043e\u0440\u0435\u0441\u0443\u0440\u0441\u0456\u0432 \u0456 \u043f\u0440\u0438\u0440\u043e\u0434\u043e\u043a\u043e\u0440\u0438\u0441\u0442\u0443\u0432\u0430\u043d\u043d\u044f \u0423\u043a\u0440\u0430\u0457\u043d\u0438, \u043a\u0430\u043d\u0434\u0438\u0434\u0430\u0442 \u043f\u0435\u0434\u0430\u0433\u043e\u0433\u0456\u0447\u043d\u0438\u0445 \u043d\u0430\u0443\u043a.\n<\/p>\n<p style=\"text-align: justify;\">\n\t\u041a\u043e\u043b\u043e \u043d\u0430\u0443\u043a\u043e\u0432\u0438\u0445 \u0456\u043d\u0442\u0435\u0440\u0435\u0441\u0456\u0432 &ndash; \u0437\u0430\u0441\u0442\u043e\u0441\u0443\u0432\u0430\u043d\u043d\u044f \u0456\u043d\u0444\u043e\u0440\u043c\u0430\u0446\u0456\u0439\u043d\u0438\u0445 \u0442\u0435\u0445\u043d\u043e\u043b\u043e\u0433\u0456\u0439 \u0443 \u043d\u0430\u0432\u0447\u0430\u043b\u044c\u043d\u043e\u043c\u0443 \u043f\u0440\u043e\u0446\u0435\u0441\u0456 \u0412\u041d\u0417.\n<\/p>\n<p style=\"text-align: justify;\">\n\t\u0422\u0435\u0442\u044f\u043d\u0430 \u0412\u0435\u0440\u0434\u0456\u0457\u0432\u043d\u0430 \u0454 \u0430\u0432\u0442\u043e\u0440\u043e\u043c \u0442\u0430 \u0441\u043f\u0456\u0432\u0430\u0432\u0442\u043e\u0440\u043e\u043c \u0442\u0430\u043a\u0438\u0445 \u043f\u0443\u0431\u043b\u0456\u043a\u0430\u0446\u0456\u0439 \u0456 \u0432\u0438\u0434\u0430\u043d\u044c:\n<\/p>\n<p style=\"text-align: justify;\">\n\t1.&nbsp;\u0420\u043e\u043b\u0435\u0432\u044b\u0435 \u0438\u0433\u0440\u044b \u043a\u0430\u043a \u043c\u0435\u0442\u043e\u0434 \u043e\u0446\u0435\u043d\u0438\u0432\u0430\u043d\u0438\u044f \u043a\u0430\u0447\u0435\u0441\u0442\u0432\u0430 \u044f\u0437\u044b\u043a\u043e\u0432\u043e\u0439 \u043f\u043e\u0434\u0433\u043e\u0442\u043e\u0432\u043a\u0438 \u0432 \u043d\u0435\u044f\u0437\u044b\u043a\u043e\u0432\u043e\u043c \u0412\u0423\u0417\u0435 \/\/ \u0412\u0456\u0441\u043d\u0438\u043a \u041d\u0423\u0422\u0423 &quot;\u041a\u041f\u0406&quot; : \u0437\u0431. \u043d\u0430\u0443\u043a. \u043f\u0440\u0430\u0446\u044c. \u0421\u0435\u0440\u0456\u044f &quot;\u0424\u0456\u043b\u043e\u0441\u043e\u0444\u0456\u044f. \u041f\u0441\u0438\u0445\u043e\u043b\u043e\u0433\u0456\u044f. \u041f\u0435\u0434\u0430\u0433\u043e\u0433\u0456\u043a\u0430&quot; \/ \u0433\u043e\u043b\u043e\u0432. \u0440\u0435\u0434. \u0411.\u0412.\u041d\u043e\u0432\u0456\u043a\u043e\u0432. &ndash; \u041a. : \u041d\u0423\u0422\u0423, 2009. &ndash; \u0412\u0438\u043f.1 (25). &ndash; \u0421. 187-191.\n<\/p>\n<p style=\"text-align: justify;\">\n\t2.&nbsp;\u0424\u043e\u0440\u043c\u0443\u0432\u0430\u043d\u043d\u044f \u043d\u0430\u0432\u0438\u043a\u0456\u0432 \u0431\u0435\u0437\u043f\u043e\u043c\u0438\u043b\u043a\u043e\u0432\u043e\u0433\u043e \u0456\u043d\u0448\u043e\u043c\u043e\u0432\u043d\u043e\u0433\u043e \u0441\u043f\u0456\u043b\u043a\u0443\u0432\u0430\u043d\u043d\u044f (\u043d\u0430 \u043c\u0430\u0442\u0435\u0440\u0456\u0430\u043b\u0456 \u043a\u043e\u0440\u043e\u0442\u043a\u0438\u0445 \u0433\u0443\u043c\u043e\u0440\u0438\u0441\u0442\u0438\u0447\u043d\u0438\u0445 \u043e\u043f\u043e\u0432\u0456\u0434\u0430\u043d\u044c) \/\/ \u0412\u0456\u0441\u043d\u0438\u043a \u041d\u0423\u0422\u0423 &quot;\u041a\u041f\u0406&quot; : \u0437\u0431. \u043d\u0430\u0443\u043a. \u043f\u0440\u0430\u0446\u044c. \u0421\u0435\u0440\u0456\u044f &quot;\u0424\u0456\u043b\u043e\u0441\u043e\u0444\u0456\u044f. \u041f\u0441\u0438\u0445\u043e\u043b\u043e\u0433\u0456\u044f. \u041f\u0435\u0434\u0430\u0433\u043e\u0433\u0456\u043a\u0430&quot;. &ndash; \u041a. : \u041d\u0423\u0422\u0423, 2010. &ndash; \u0412\u0438\u043f.1 (28). &ndash; \u0421. 237-240.\n<\/p>\n<p style=\"text-align: justify;\">\n\t3.&nbsp;\u0410\u043d\u0430\u043b\u0456\u0437 \u043c\u043e\u0432\u043d\u0438\u0445 \u043f\u043e\u043c\u0438\u043b\u043e\u043a \u0432 \u043f\u0440\u043e\u0446\u0435\u0441\u0456 \u043d\u0430\u0432\u0447\u0430\u043d\u043d\u044f \u0430\u043d\u0433\u043b\u0456\u0439\u0441\u044c\u043a\u0456\u0439 \u043c\u043e\u0432\u0456 \u043c\u0430\u0439\u0431\u0443\u0442\u043d\u0456\u0445 \u0444\u0430\u0445\u0456\u0432\u0446\u0456\u0432 \u0435\u043a\u043e\u043d\u043e\u043c\u0456\u0447\u043d\u043e\u0433\u043e \u043f\u0440\u043e\u0444\u0456\u043b\u044e \/\/ \u0412\u0456\u0441\u043d\u0438\u043a \u041d\u0423\u0422\u0423 &quot;\u041a\u041f\u0406&quot; : \u0437\u0431. \u043d\u0430\u0443\u043a. \u043f\u0440\u0430\u0446\u044c. \u0421\u0435\u0440\u0456\u044f &quot;\u0424\u0456\u043b\u043e\u0441\u043e\u0444\u0456\u044f. \u041f\u0441\u0438\u0445\u043e\u043b\u043e\u0433\u0456\u044f. \u041f\u0435\u0434\u0430\u0433\u043e\u0433\u0456\u043a\u0430&quot;. &ndash; \u041a. : \u041d\u0423\u0422\u0423, 2010. &ndash; \u0412\u0438\u043f. 2 (29). &ndash; \u0421. 188-191\n<\/p>\n<p style=\"text-align: justify;\">\n\t4.&nbsp;\u0414\u0456\u043b\u043e\u0432\u0430 \u0430\u043d\u0433\u043b\u0456\u0439\u0441\u044c\u043a\u0430 \u043c\u043e\u0432\u0430 : \u043d\u0430\u0432\u0447. \u043f\u043e\u0441\u0456\u0431\u043d\u0438\u043a [\u0434\u043b\u044f \u043c\u0430\u0433\u0456\u0441\u0442\u0440\u0456\u0432 \u0441\u043f\u0435\u0446. 6.050.106 &ndash;&nbsp; &#8220;\u0424\u0456\u043d\u0430\u043d\u0441\u0438&#8221;] \/ \u0422.\u0412. \u0422\u0430\u0440\u043d\u0430\u0432\u0441\u044c\u043a\u0430. &ndash; \u041a. : \u0412\u0438\u0434-\u0432\u043e \u0422\u041e\u0412 \u0410\u0433\u0440\u0430\u0440 \u041c\u0435\u0434\u0438\u0430 \u0413\u0440\u0443\u043f, 2010. &ndash; 368 \u0441.\n<\/p>\n<p style=\"text-align: justify;\">\n\t5.&nbsp;\u0414\u0456\u043b\u043e\u0432\u0430 \u0430\u043d\u0433\u043b\u0456\u0439\u0441\u044c\u043a\u0430 \u043c\u043e\u0432\u0430 : \u043d\u0430\u0432\u0447. \u043f\u043e\u0441\u0456\u0431\u043d\u0438\u043a [\u0434\u043b\u044f \u043c\u0430\u0433\u0456\u0441\u0442\u0440\u0456\u0432 \u0441\u043f\u0435\u0446. 8.03050401 &ndash; &#8220;\u0415\u043a\u043e\u043d\u043e\u043c\u0456\u043a\u0430 \u043f\u0456\u0434\u043f\u0440\u0438\u0454\u043c\u0441\u0442\u0432\u0430&#8221;] \/ \u0422.\u0412.\u0422\u0430\u0440\u043d\u0430\u0432\u0441\u044c\u043a\u0430. &ndash; \u041a. : \u0412\u0438\u0434-\u0432\u043e \u0422\u041e\u0412 \u041a\u043e\u0440\u0430\u043b, 2011. &ndash; 345 \u0441.\n<\/p>\n<p style=\"text-align: justify;\">\n\t6.&nbsp;\u0414\u0456\u043b\u043e\u0432\u0430 \u0430\u043d\u0433\u043b\u0456\u0439\u0441\u044c\u043a\u0430 \u043c\u043e\u0432\u0430 : \u043d\u0430\u0432\u0447. \u043f\u043e\u0441\u0456\u0431\u043d\u0438\u043a [\u0434\u043b\u044f \u043c\u0430\u0433\u0456\u0441\u0442\u0440\u0456\u0432 \u0441\u043f\u0435\u0446. 8.03050901 &ndash;&#8221;\u041e\u0431\u043b\u0456\u043a \u0456 \u0430\u0443\u0434\u0438\u0442&#8221;] \/ \u0422.\u0412.\u0422\u0430\u0440\u043d\u0430\u0432\u0441\u044c\u043a\u0430. &ndash; \u041a. : \u0412\u0438\u0434-\u0432\u043e \u0422\u041e\u0412 \u041a\u043e\u0440\u0430\u043b, 2011. &ndash; 288 \u0441.\n<\/p>\n<p style=\"text-align: justify;\">\n\t7.&nbsp;\u041f\u0440\u043e\u0431\u043b\u0435\u043c\u043d\u044b\u0435 \u043c\u0435\u0442\u043e\u0434\u044b \u043e\u0431\u0443\u0447\u0435\u043d\u0438\u044f \u0432 \u044f\u0437\u044b\u043a\u043e\u0432\u043e\u0439 \u043f\u043e\u0434\u0433\u043e\u0442\u043e\u0432\u043a\u0435 \u0431\u0443\u0434\u0443\u0449\u0438\u0445 \u0441\u043f\u0435\u0446\u0438\u0430\u043b\u0438\u0441\u0442\u043e\u0432 \u044d\u043a\u043e\u043d\u043e\u043c\u0438\u0447\u0435\u0441\u043a\u043e\u0433\u043e \u043f\u0440\u043e\u0444\u0438\u043b\u044f \/\/ \u041b\u044e\u0434\u0438\u043d\u0430 : \u043c\u043e\u0432\u0430, \u043a\u0443\u043b\u044c\u0442\u0443\u0440\u0430, \u043f\u0456\u0437\u043d\u0430\u043d\u043d\u044f : \u0432\u0456\u0441\u043d\u0438\u043a \u041c\u0456\u0436\u043d\u0430\u0440\u043e\u0434\u043d\u043e\u0433\u043e \u0434\u043e\u0441\u043b\u0456\u0434\u043d\u043e\u0433\u043e \u0446\u0435\u043d\u0442\u0440\u0443 \/ \u0433\u043e\u043b. \u0440\u0435\u0434. \u041e.\u041c. \u0425\u043e\u043b\u043e\u0434. &ndash; \u041a\u0440\u0438\u0432\u0438\u0439 \u0420\u0456\u0433, 2011. &ndash; \u0422. 28 (1). &ndash; \u0421. 77-83.\n<\/p>\n<p style=\"text-align: justify;\">\n\t8.&nbsp;\u041c\u0435\u0442\u043e\u0434\u0438 \u043f\u0456\u0434\u0433\u043e\u0442\u043e\u0432\u043a\u0438 \u043c\u0430\u0439\u0431\u0443\u0442\u043d\u0456\u0445 \u0435\u043a\u043e\u043d\u043e\u043c\u0456\u0441\u0442\u0456\u0432 \u0434\u043e \u0435\u0444\u0435\u043a\u0442\u0438\u0432\u043d\u043e\u0433\u043e \u0441\u043f\u0456\u043b\u043a\u0443\u0432\u0430\u043d\u043d\u044f \u0430\u043d\u0433\u043b\u0456\u0439\u0441\u044c\u043a\u043e\u044e \u043c\u043e\u0432\u043e\u044e : materialy VII Mi\u0119dzynarodowej naukowi-praktycznej konferencji [&#8220;Aktualne problemy nowoczesnych nauk &ndash; 2011&#8221;], (Przemy\u015bl, 07-15 czerwca 2011 roku) \/ Prof. dr hab Slawomir G&oacute;rniak. &ndash; Volume 17. Pedagogiczne nauki. &ndash; Przemy\u015bl : Nauka i Studia. &ndash; Str. 9-11.&nbsp;\n<\/p>\n<p style=\"text-align: justify;\">\n\t9.&nbsp;\u041f\u043e\u0440\u0456\u0432\u043d\u044f\u043d\u043d\u044f \u0433\u0440\u0430\u043c\u0430\u0442\u0438\u0447\u043d\u0438\u0445 \u0444\u043e\u0440\u043c \u044f\u043a \u043c\u0435\u0442\u043e\u0434 \u0444\u043e\u0440\u043c\u0443\u0432\u0430\u043d\u043d\u044f \u043d\u0430\u0432\u0438\u043a\u0456\u0432 \u0431\u0435\u0437\u043f\u043e\u043c\u0438\u043b\u043a\u043e\u0432\u043e\u0433\u043e \u0441\u043f\u0456\u043b\u043a\u0443\u0432\u0430\u043d\u043d\u044f : materi&aacute;ly VII mezin&aacute;rodni v\u011bdecko-praktick&aacute; conference [&#8220;Efektivn&iacute; n&aacute;stroje modern&iacute;ch v\u011bd &ndash; 2011&#8221;], (Praha, 27 dubna-05 kv\u011btna 2011 roku) \/ &Scaron;&eacute;fredaktor : Prof. JUDr Zden\u011bk \u010cern&aacute;k. &ndash; D&iacute;l 14. Pedagogika. Psychologie a sociologie.&ndash; Praha : Publishing house &quot;Education and science&quot; s.r.o., 2011. &ndash; D&iacute;l 14. Pedagogika. Psychologie a sociologie. &ndash; Stran 38-40.\n<\/p>\n<p style=\"text-align: justify;\">\n\t10.&nbsp;\u0410\u043d\u0430\u043b\u0438\u0437 \u043f\u0440\u043e\u0431\u043b\u0435\u043c\u043d\u044b\u0445 \u0441\u0438\u0442\u0443\u0430\u0446\u0438\u0439 \u0432 \u043f\u0440\u043e\u0446\u0435\u0441\u0441\u0435 \u043e\u0431\u0443\u0447\u0435\u043d\u0438\u044f \u0431\u0443\u0434\u0443\u0449\u0438\u0445 \u0441\u043f\u0435\u0446\u0438\u0430\u043b\u0438\u0441\u0442\u043e\u0432 \u0430\u043d\u0433\u043b\u0438\u0439\u0441\u043a\u043e\u043c\u0443 \u044f\u0437\u044b\u043a\u0443 \/\/ \u041a\u043b\u044e\u0447\u043e\u0432\u0438 \u0432\u044a\u043f\u0440\u043e\u0441\u0438 \u0432 \u0441\u044a\u0432\u0440\u0435\u043c\u0435\u043d\u043d\u0430\u0442\u0430 \u043d\u0430\u0443\u043a\u0430 : \u043c\u0430\u0442\u0435\u0440\u0438\u0430\u043b\u0438 \u0437\u0430 7-\u0430 \u041c\u0435\u0436\u0434\u0443\u043d\u0430\u0440\u043e\u0434\u043d\u0430 \u043d\u0430\u0443\u0447\u043d\u0430 \u043f\u0440\u0430\u043a\u0442\u0438\u0447\u043d\u0430 \u043a\u043e\u043d\u0444\u0435\u0440\u0435\u043d\u0446\u0438\u044f; \u0421\u043e\u0444\u0438\u044f, 17-25 \u0430\u043f\u0440\u0438\u043b 2011 \u0433. \/ \u0440\u0435\u0434\u0430\u043a\u0442\u043e\u0440 \u041c\u0438\u043b\u043a\u043e \u0422\u043e\u0434\u043e\u0440\u043e\u0432 \u041f\u0435\u0442\u043a\u043e\u0432. &ndash; \u0422\u043e\u043c 27. \u041f\u0435\u0434\u0430\u0433\u043e\u0433\u0438\u0447\u0435\u0441\u043a\u0438 \u043d\u0430\u0443\u043a\u0438. &ndash; \u0421\u043e\u0444\u0438\u044f : &quot;\u0411\u044f\u043b \u0413\u0420\u0410\u0414-\u0411\u0413&quot; \u041e\u041e\u0414, 2011. &ndash; \u0421. 41-43.<\/p>\n","protected":false},"excerpt":{"rendered":"<p>\u0422\u0435\u0442\u044f\u043d\u0430 \u0412\u0435\u0440\u0434\u0456\u0457\u0432\u043d\u0430 \u0422\u0430\u0440\u043d\u0430\u0432\u0441\u044c\u043a\u0430 &ndash; \u0434\u043e\u0446\u0435\u043d\u0442 \u043a\u0430\u0444\u0435\u0434\u0440\u0438 \u0430\u043d\u0433\u043b\u0456\u0439\u0441\u044c\u043a\u043e\u0457 \u043c\u043e\u0432\u0438 \u0434\u043b\u044f \u0435\u043a\u043e\u043d\u043e\u043c\u0456\u0447\u043d\u0438\u0445 \u0441\u043f\u0435\u0446\u0456\u0430\u043b\u044c\u043d\u043e\u0441\u0442\u0435\u0439 \u041f\u0440\u0438\u0440\u043e\u0434\u043d\u0438\u0447\u043e-\u0433\u0443\u043c\u0430\u043d\u0456\u0442\u0430\u0440\u043d\u043e\u0433\u043e \u041d\u041d\u0406 \u041d\u0430\u0446\u0456\u043e\u043d\u0430\u043b\u044c\u043d\u043e\u0433\u043e \u0443\u043d\u0456\u0432\u0435\u0440\u0441\u0438\u0442\u0435\u0442\u0443 \u0431\u0456\u043e\u0440\u0435\u0441\u0443\u0440\u0441\u0456\u0432 \u0456 \u043f\u0440\u0438\u0440\u043e\u0434\u043e\u043a\u043e\u0440\u0438\u0441\u0442\u0443\u0432\u0430\u043d\u043d\u044f \u0423\u043a\u0440\u0430\u0457\u043d\u0438, \u043a\u0430\u043d\u0434\u0438\u0434\u0430\u0442 \u043f\u0435\u0434\u0430\u0433\u043e\u0433\u0456\u0447\u043d\u0438\u0445 \u043d\u0430\u0443\u043a. \u041a\u043e\u043b\u043e \u043d\u0430\u0443\u043a\u043e\u0432\u0438\u0445 \u0456\u043d\u0442\u0435\u0440\u0435\u0441\u0456\u0432 &ndash; \u0437\u0430\u0441\u0442\u043e\u0441\u0443\u0432\u0430\u043d\u043d\u044f \u0456\u043d\u0444\u043e\u0440\u043c\u0430\u0446\u0456\u0439\u043d\u0438\u0445 \u0442\u0435\u0445\u043d\u043e\u043b\u043e\u0433\u0456\u0439 \u0443 \u043d\u0430\u0432\u0447\u0430\u043b\u044c\u043d\u043e\u043c\u0443 \u043f\u0440\u043e\u0446\u0435\u0441\u0456 \u0412\u041d\u0417. \u0422\u0435\u0442\u044f\u043d\u0430 \u0412\u0435\u0440\u0434\u0456\u0457\u0432\u043d\u0430 \u0454 \u0430\u0432\u0442\u043e\u0440\u043e\u043c \u0442\u0430 \u0441\u043f\u0456\u0432\u0430\u0432\u0442\u043e\u0440\u043e\u043c \u0442\u0430\u043a\u0438\u0445 \u043f\u0443\u0431\u043b\u0456\u043a\u0430\u0446\u0456\u0439 \u0456 \u0432\u0438\u0434\u0430\u043d\u044c: 1.&nbsp;\u0420\u043e\u043b\u0435\u0432\u044b\u0435 \u0438\u0433\u0440\u044b \u043a\u0430\u043a \u043c\u0435\u0442\u043e\u0434 \u043e\u0446\u0435\u043d\u0438\u0432\u0430\u043d\u0438\u044f \u043a\u0430\u0447\u0435\u0441\u0442\u0432\u0430 \u044f\u0437\u044b\u043a\u043e\u0432\u043e\u0439 \u043f\u043e\u0434\u0433\u043e\u0442\u043e\u0432\u043a\u0438 \u0432 \u043d\u0435\u044f\u0437\u044b\u043a\u043e\u0432\u043e\u043c \u0412\u0423\u0417\u0435 \/\/ &hellip; <\/p>\n<p><a class=\"more-link btn\" href=\"https:\/\/www.narodnaosvita.kiev.ua\/?page_id=1162\">Continue reading<\/a><\/p>\n","protected":false},"author":1,"featured_media":3166,"parent":254,"menu_order":0,"comment_status":"closed","ping_status":"closed","template":"","meta":{"footnotes":""},"class_list":["post-1162","page","type-page","status-publish","has-post-thumbnail","hentry","nodate","item-wrap"],"_links":{"self":[{"href":"https:\/\/www.narodnaosvita.kiev.ua\/index.php?rest_route=\/wp\/v2\/pages\/1162","targetHints":{"allow":["GET"]}}],"collection":[{"href":"https:\/\/www.narodnaosvita.kiev.ua\/index.php?rest_route=\/wp\/v2\/pages"}],"about":[{"href":"https:\/\/www.narodnaosvita.kiev.ua\/index.php?rest_route=\/wp\/v2\/types\/page"}],"author":[{"embeddable":true,"href":"https:\/\/www.narodnaosvita.kiev.ua\/index.php?rest_route=\/wp\/v2\/users\/1"}],"replies":[{"embeddable":true,"href":"https:\/\/www.narodnaosvita.kiev.ua\/index.php?rest_route=%2Fwp%2Fv2%2Fcomments&post=1162"}],"version-history":[{"count":1,"href":"https:\/\/www.narodnaosvita.kiev.ua\/index.php?rest_route=\/wp\/v2\/pages\/1162\/revisions"}],"predecessor-version":[{"id":4886,"href":"https:\/\/www.narodnaosvita.kiev.ua\/index.php?rest_route=\/wp\/v2\/pages\/1162\/revisions\/4886"}],"up":[{"embeddable":true,"href":"https:\/\/www.narodnaosvita.kiev.ua\/index.php?rest_route=\/wp\/v2\/pages\/254"}],"wp:featuredmedia":[{"embeddable":true,"href":"https:\/\/www.narodnaosvita.kiev.ua\/index.php?rest_route=\/wp\/v2\/media\/3166"}],"wp:attachment":[{"href":"https:\/\/www.narodnaosvita.kiev.ua\/index.php?rest_route=%2Fwp%2Fv2%2Fmedia&parent=1162"}],"curies":[{"name":"wp","href":"https:\/\/api.w.org\/{rel}","templated":true}]}}