{"id":4109,"date":"2016-06-11T07:20:17","date_gmt":"2016-06-11T05:20:17","guid":{"rendered":"http:\/\/www.narodnaosvita.kiev.ua\/?page_id=4109"},"modified":"2016-06-11T07:20:17","modified_gmt":"2016-06-11T05:20:17","slug":"gvozdij-svitlana-petrivna","status":"publish","type":"page","link":"https:\/\/www.narodnaosvita.kiev.ua\/?page_id=4109","title":{"rendered":"\u0413\u0412\u041e\u0417\u0414\u0406\u0419 \u0421\u0432\u0456\u0442\u043b\u0430\u043d\u0430 \u041f\u0435\u0442\u0440\u0456\u0432\u043d\u0430"},"content":{"rendered":"<p style=\"text-align: justify;\">\n\t<a data-id=\"4111\" href=\"https:\/\/www.narodnaosvita.kiev.ua\/wp-content\/uploads\/2016\/06\/206.jpg\"><img loading=\"lazy\" decoding=\"async\" width=\"150\" height=\"227\" alt=\"206\" class=\"alignnone size-full wp-image-4111\" src=\"https:\/\/www.narodnaosvita.kiev.ua\/wp-content\/uploads\/2016\/06\/206.jpg\" style=\"width: 150px; height: 227px; border-width: 0px; border-style: solid; margin-left: 20px; margin-right: 20px; float: left;\" \/><\/a>\u0421\u0432\u0456\u0442\u043b\u0430\u043d\u0430 \u041f\u0435\u0442\u0440\u0456\u0432\u043d\u0430 \u0413\u0432\u043e\u0437\u0434\u0456\u0439 &ndash; \u0437\u0430\u0432\u0456\u0434\u0443\u0432\u0430\u0447 \u043a\u0430\u0444\u0435\u0434\u0440\u0438 \u043c\u0435\u0434\u0438\u0447\u043d\u0438\u0445 \u0437\u043d\u0430\u043d\u044c \u0442\u0430 \u0431\u0435\u0437\u043f\u0435\u043a\u0438 \u0436\u0438\u0442\u0442\u0454\u0434\u0456\u044f\u043b\u044c\u043d\u043e\u0441\u0442\u0456 \u041e\u0434\u0435\u0441\u044c\u043a\u043e\u0433\u043e \u043d\u0430\u0446\u0456\u043e\u043d\u0430\u043b\u044c\u043d\u043e\u0433\u043e \u0443\u043d\u0456\u0432\u0435\u0440\u0441\u0438\u0442\u0435\u0442\u0443 \u0456\u043c\u0435\u043d\u0456 \u0406.&nbsp;\u0406.&nbsp;\u041c\u0435\u0447\u043d\u0438\u043a\u043e\u0432\u0430, \u043a\u0430\u043d\u0434\u0438\u0434\u0430\u0442 \u043f\u0435\u0434\u0430\u0433\u043e\u0433\u0456\u0447\u043d\u0438\u0445 \u043d\u0430\u0443\u043a, \u0434\u043e\u0446\u0435\u043d\u0442.\n<\/p>\n<p style=\"text-align: justify;\">\n\t\u041a\u043e\u043b\u043e \u043d\u0430\u0443\u043a\u043e\u0432\u0438\u0445 \u0456\u043d\u0442\u0435\u0440\u0435\u0441\u0456\u0432: \u0442\u0435\u043e\u0440\u0456\u044f \u0442\u0430 \u043c\u0435\u0442\u043e\u0434\u0438\u043a\u0430 \u043f\u0440\u043e\u0444\u0435\u0441\u0456\u0439\u043d\u043e\u0457 \u043e\u0441\u0432\u0456\u0442\u0438, \u043d\u0430\u0432\u0447\u0430\u043d\u043d\u044f \u0441\u0442\u0443\u0434\u0435\u043d\u0442\u0456\u0432 \u043f\u0438\u0442\u0430\u043d\u043d\u044f\u043c \u0431\u0435\u0437\u043f\u0435\u0447\u043d\u043e\u0457 \u0436\u0438\u0442\u0442\u0454\u0434\u0456\u044f\u043b\u044c\u043d\u043e\u0441\u0442\u0456, \u0444\u043e\u0440\u043c\u0443\u0432\u0430\u043d\u043d\u044f \u043a\u0443\u043b\u044c\u0442\u0443\u0440\u0438 \u0431\u0435\u0437\u043f\u0435\u0447\u043d\u043e\u0457 \u0436\u0438\u0442\u0442\u0454\u0434\u0456\u044f\u043b\u044c\u043d\u043e\u0441\u0442\u0456, \u0443\u0434\u043e\u0441\u043a\u043e\u043d\u0430\u043b\u0435\u043d\u043d\u044f \u043c\u0435\u0442\u043e\u0434\u0438\u043a\u0438 \u0432\u0438\u043a\u043b\u0430\u0434\u0430\u043d\u043d\u044f \u0434\u0438\u0441\u0446\u0438\u043f\u043b\u0456\u043d \u0437 \u0431\u0435\u0437\u043f\u0435\u043a\u0438.\n<\/p>\n<p style=\"text-align: justify;\">\n\t\u0421\u0432\u0456\u0442\u043b\u0430\u043d\u0430 \u041f\u0435\u0442\u0440\u0456\u0432\u043d\u0430 \u0454 \u0430\u0432\u0442\u043e\u0440\u043e\u043c \u0442\u0430\u043a\u0438\u0445 \u043f\u0443\u0431\u043b\u0456\u043a\u0430\u0446\u0456\u0439:\n<\/p>\n<ol>\n<li style=\"text-align: justify;\">\n\t\t\u0413\u0432\u043e\u0437\u0434\u0456\u0439 \u0421.\u041f. \u041e\u0441\u0432\u0456\u0442\u044f\u043d\u0441\u044c\u043a\u0456 \u043f\u0456\u0434\u0445\u043e\u0434\u0438 \u0434\u043e \u0437\u0431\u0435\u0440\u0435\u0436\u0435\u043d\u043d\u044f \u0437\u0434\u043e\u0440\u043e\u0432&rsquo;\u044f \u043c\u043e\u043b\u043e\u0434\u0456 \u044f\u043a \u043e\u0434\u0438\u043d \u0456\u0437 \u0430\u0441\u043f\u0435\u043a\u0442\u0456\u0432 \u0444\u043e\u0440\u043c\u0443\u0432\u0430\u043d\u043d\u044f \u0431\u0435\u0437\u043f\u0435\u0447\u043d\u043e\u0457 \u0436\u0438\u0442\u0442\u0454\u0434\u0456\u044f\u043b\u044c\u043d\u043e\u0441\u0442\u0456 \/ \u0421.\u041f. \u0413\u0432\u043e\u0437\u0434\u0456\u0439 \/\/ \u041d\u0430\u0443\u043a\u0430 \u0456 \u043e\u0441\u0432\u0456\u0442\u0430. &ndash; 2012. &ndash; \u2116 4\/\u0421VV, \u0447\u0435\u0440\u0432\u0435\u043d\u044c-\u043b\u0438\u043f\u0435\u043d\u044c. &ndash; \u0421. 36&ndash;41.\n\t<\/li>\n<li style=\"text-align: justify;\">\n\t\t\u0413\u0432\u043e\u0437\u0434\u0456\u0439 \u0421.\u041f. \u0421\u0442\u0430\u043d, \u043f\u0440\u043e\u0431\u043b\u0435\u043c\u0438, \u043f\u0435\u0440\u0441\u043f\u0435\u043a\u0442\u0438\u0432\u0438 \u0440\u043e\u0437\u0432\u0438\u0442\u043a\u0443 \u043d\u0430\u0443\u043a\u043e\u0432\u043e\u0433\u043e \u043d\u0430\u043f\u0440\u044f\u043c\u043a\u0443 &quot;\u0411\u0435\u0437\u043f\u0435\u043a\u0430 \u0436\u0438\u0442\u0442\u044f \u0456 \u0434\u0456\u044f\u043b\u044c\u043d\u043e\u0441\u0442\u0456 \u043b\u044e\u0434\u0438\u043d\u0438&quot; \u0443 \u0425\u0425\u0406 \u0441\u0442\u043e\u0440\u0456\u0447\u0447\u0456 \/ \u0421.\u041f. \u0413\u0432\u043e\u0437\u0434\u0456\u0439 \/\/ \u041d\u0430\u0443\u043a\u0430 \u0456 \u043e\u0441\u0432\u0456\u0442\u0430. &ndash; 2012. &ndash; \u21168\/CVIX, \u043b\u0438\u0441\u0442\u043e\u043f\u0430\u0434. &ndash; \u0421. 42&ndash;46.\n\t<\/li>\n<li style=\"text-align: justify;\">\n\t\t\u0413\u0432\u043e\u0437\u0434\u0456\u0439 \u0421.\u041f. \u0420\u0438\u0437\u0438\u043a-\u043e\u0440\u0456\u0454\u043d\u0442\u043e\u0432\u0430\u043d\u0438\u0439 \u043f\u0456\u0434\u0445\u0456\u0434 \u0443 \u0432\u0438\u043a\u043b\u0430\u0434\u0430\u043d\u043d\u0456 \u043d\u043e\u0440\u043c\u0430\u0442\u0438\u0432\u043d\u043e\u0457 \u0434\u0438\u0441\u0446\u0438\u043f\u043b\u0456\u043d\u0438 &quot;\u0411\u0435\u0437\u043f\u0435\u043a\u0430 \u0436\u0438\u0442\u0442\u0454\u0434\u0456\u044f\u043b\u044c\u043d\u043e\u0441\u0442\u0456&quot; \/ \u0421.\u041f. \u0413\u0432\u043e\u0437\u0434\u0456\u0439 \/\/ \u041f\u0435\u0434\u0430\u0433\u043e\u0433\u0456\u0447\u043d\u0456 \u043d\u0430\u0443\u043a\u0438 : \u0437\u0431\u0456\u0440\u043d\u0438\u043a \u043d\u0430\u0443\u043a\u043e\u0432\u0438\u0445 \u043f\u0440\u0430\u0446\u044c. &ndash; \u211662. &ndash; 2013. &ndash; \u0421. 243&ndash;249.\n\t<\/li>\n<li style=\"text-align: justify;\">\n\t\t\u0413\u0432\u043e\u0437\u0434\u0456\u0439 \u0421.\u041f. \u0411\u0435\u0437\u043f\u0435\u043a\u0430 \u0436\u0438\u0442\u0442\u0454\u0434\u0456\u044f\u043b\u044c\u043d\u043e\u0441\u0442\u0456 \u044f\u043a \u0441\u043e\u0446\u0456\u0430\u043b\u044c\u043d\u043e-\u043f\u0435\u0434\u0430\u0433\u043e\u0433\u0456\u0447\u043d\u0430 \u043f\u0440\u043e\u0431\u043b\u0435\u043c\u0430 \u0441\u0443\u0447\u0430\u0441\u043d\u043e\u0441\u0442\u0456 \/ \u0421.\u041f. \u0413\u0432\u043e\u0437\u0434\u0456\u0439 \/\/ \u0412\u0456\u0441\u043d\u0438\u043a \u0416\u0438\u0442\u043e\u043c\u0438\u0440\u0441\u044c\u043a\u043e\u0433\u043e \u0434\u0435\u0440\u0436\u0430\u0432\u043d\u043e\u0433\u043e \u0443\u043d\u0456\u0432\u0435\u0440\u0441\u0438\u0442\u0435\u0442\u0443. &ndash; 2014. &ndash; \u0412\u0438\u043f\u0443\u0441\u043a 5 (77). &ndash;\u0421.&nbsp;61&ndash;65.\n\t<\/li>\n<li style=\"text-align: justify;\">\n\t\t&nbsp;\u0413\u0432\u043e\u0437\u0434\u0456\u0439 \u0421.\u041f. \u0412\u0438\u043a\u043e\u0440\u0438\u0441\u0442\u0430\u043d\u043d\u044f \u0431\u0430\u0433\u0430\u0442\u043e\u0440\u0456\u0432\u043d\u0435\u0432\u0438\u0445 \u043f\u0440\u0430\u043a\u0442\u0438\u0447\u043d\u0438\u0445 \u0442\u0440\u0435\u043d\u0456\u043d\u0433\u0456\u0432 \u0434\u043b\u044f \u0444\u043e\u0440\u043c\u0443\u0432\u0430\u043d\u043d\u044f \u043a\u0443\u043b\u044c\u0442\u0443\u0440\u0438 \u0431\u0435\u0437\u043f\u0435\u0447\u043d\u043e\u0457 \u0436\u0438\u0442\u0442\u0454\u0434\u0456\u044f\u043b\u044c\u043d\u043e\u0441\u0442\u0456 \u0441\u0442\u0443\u0434\u0435\u043d\u0442\u0456\u0432 \/ \u0421.\u041f. \u0413\u0432\u043e\u0437\u0434\u0456\u0439 \/\/ \u041e\u0441\u0432\u0456\u0442\u043e\u043b\u043e\u0433\u0456\u0447\u043d\u0438\u0439 \u0434\u0438\u0441\u043a\u0443\u0440\u0441 : \u0444\u0430\u0445\u043e\u0432\u0435 \u0435\u043b\u0435\u043a\u0442\u0440\u043e\u043d\u043d\u0435&nbsp;\u043d\u0430\u0443\u043a\u043e\u0432\u0435 \u0432\u0438\u0434\u0430\u043d\u043d\u044f. &ndash; 2015. &ndash; \u0412\u0438\u043f\u0443\u0441\u043a \u21161 (9). &ndash; \u0420\u0435\u0436\u0438\u043c \u0434\u043e\u0441\u0442\u0443\u043f\u0443: <a href=\"http:\/\/od.kubg.edu.ua\/\">http:\/\/od.kubg.edu.ua\/<\/a>.&nbsp;\n\t<\/li>\n<li style=\"text-align: justify;\">\n\t\t\u0413\u0432\u043e\u0437\u0434\u0456\u0439 \u0421. \u041f. \u041f\u0440\u043e \u043f\u0440\u043e\u0431\u043b\u0435\u043c\u0443 \u043d\u0430\u0432\u0447\u0430\u043d\u043d\u044f \u043c\u0430\u0439\u0431\u0443\u0442\u043d\u0456\u0445 \u0444\u0430\u0445\u0456\u0432\u0446\u0456\u0432 \u0431\u0435\u0437\u043f\u0435\u0447\u043d\u0456\u0439 \u0436\u0438\u0442\u0442\u0454\u0434\u0456\u044f\u043b\u044c\u043d\u043e\u0441\u0442\u0456 \u0443 \u043d\u043e\u0432\u0438\u0445 \u0443\u043c\u043e\u0432\u0430\u0445 \/ \u0421. \u041f. \u0413\u0432\u043e\u0437\u0434\u0456\u0439 \/\/ \u0412\u0456\u0441\u043d\u0438\u043a \u041d\u0430\u0446\u0456\u043e\u043d\u0430\u043b\u044c\u043d\u043e\u0433\u043e \u0430\u0432\u0456\u0430\u0446\u0456\u0439\u043d\u043e\u0433\u043e \u0443\u043d\u0456\u0432\u0435\u0440\u0441\u0438\u0442\u0435\u0442\u0443 : \u0437\u0431. \u043d\u0430\u0443\u043a. \u043f\u0440. &ndash; \u041a. : \u0412\u0438\u0434-\u0432\u043e \u041d\u0430\u0446. \u0430\u0432\u0456\u0430\u0446. \u0443\u043d-\u0442\u0443 &quot;\u041d\u0410\u0423-\u0434\u0440\u0443\u043a&quot;, 2015. &ndash; \u0412\u0438\u043f. 6. &ndash; (\u0421\u0435\u0440\u0456\u044f &quot;\u041f\u0435\u0434\u0430\u0433\u043e\u0433\u0456\u043a\u0430. \u041f\u0441\u0438\u0445\u043e\u043b\u043e\u0433\u0456\u044f&quot;). &ndash; \u0421. 55&ndash;60.\n\t<\/li>\n<li style=\"text-align: justify;\">\n\t\t\u0413\u0432\u043e\u0437\u0434\u0456\u0439 \u0421.\u041f. \u0410\u0434\u0430\u043f\u0442\u0430\u0446\u0456\u044f \u043d\u0430\u0432\u0447\u0430\u043b\u044c\u043d\u043e\u0433\u043e \u043c\u0430\u0442\u0435\u0440\u0456\u0430\u043b\u0443 \u0434\u043e \u043f\u0440\u043e\u0444\u0435\u0441\u0456\u0439\u043d\u0438\u0445 \u0456\u043d\u0442\u0435\u0440\u0435\u0441\u0456\u0432 \u0441\u0442\u0443\u0434\u0435\u043d\u0442\u0456\u0432 \u044f\u043a \u043f\u0440\u0438\u043d\u0446\u0438\u043f \u0441\u0442\u0440\u0443\u043a\u0442\u0443\u0440\u0443\u0432\u0430\u043d\u043d\u044f \u0437\u043c\u0456\u0441\u0442\u0443 \u0443 \u0444\u043e\u0440\u043c\u0443\u0432\u0430\u043d\u043d\u0456 \u043a\u0443\u043b\u044c\u0442\u0443\u0440\u0438 \u0431\u0435\u0437\u043f\u0435\u0447\u043d\u043e\u0457 \u0436\u0438\u0442\u0442\u0454\u0434\u0456\u044f\u043b\u044c\u043d\u043e\u0441\u0442\u0456 \/ \u0421. \u041f. \u0413\u0432\u043e\u0437\u0434\u0456\u0439 \/\/ \u041d\u0430\u0443\u043a\u043e\u0432\u0438\u0439 \u0432\u0456\u0441\u043d\u0438\u043a \u041c\u0438\u043a\u043e\u043b\u0430\u0457\u0432\u0441\u044c\u043a\u043e\u0433\u043e \u043d\u0430\u0446\u0456\u043e\u043d\u0430\u043b\u044c\u043d\u043e\u0433\u043e \u0443\u043d\u0456\u0432\u0435\u0440\u0441\u0438\u0442\u0435\u0442\u0443 \u0456\u043c\u0435\u043d\u0456 \u0412. \u041e. \u0421\u0443\u0445\u043e\u043c\u043b\u0438\u043d\u0441\u044c\u043a\u043e\u0433\u043e : \u0437\u0431\u0456\u0440\u043d\u0438\u043a \u043d\u0430\u0443\u043a\u043e\u0432\u0438\u0445 \u043f\u0440\u0430\u0446\u044c. &ndash; \u041c\u0438\u043a\u043e\u043b\u0430\u0457\u0432 : \u041c\u041d\u0423 \u0456\u043c\u0435\u043d\u0456 \u0412. \u041e. \u0421\u0443\u0445\u043e\u043c\u043b\u0438\u043d\u0441\u044c\u043a\u043e\u0433\u043e, 2015. &ndash; \u2116 3 (50), \u0432\u0435\u0440\u0435\u0441\u0435\u043d\u044c. &ndash; (\u0421\u0435\u0440\u0456\u044f &quot;\u041f\u0435\u0434\u0430\u0433\u043e\u0433\u0456\u0447\u043d\u0456 \u043d\u0430\u0443\u043a\u0438&quot;). &ndash; \u0421. 48&ndash;54.\n\t<\/li>\n<li style=\"text-align: justify;\">\n\t\t\u0413\u0432\u043e\u0437\u0434\u0456\u0439 \u0421.\u041f. \u0412\u0456\u0434\u043f\u043e\u0432\u0456\u0434\u043d\u0456\u0441\u0442\u044c \u0432\u0438\u043a\u043b\u0438\u043a\u0430\u043c \u0441\u044c\u043e\u0433\u043e\u0434\u0435\u043d\u043d\u044f \u044f\u043a \u043f\u0440\u0438\u043d\u0446\u0438\u043f \u0434\u043e\u0431\u043e\u0440\u0443 \u0437\u043c\u0456\u0441\u0442\u0443 \u043d\u0430\u0432\u0447\u0430\u043d\u043d\u044f \u0443 \u043f\u0440\u043e\u0446\u0435\u0441\u0456 \u0444\u043e\u0440\u043c\u0443\u0432\u0430\u043d\u043d\u044f \u043a\u0443\u043b\u044c\u0442\u0443\u0440\u0438 \u0431\u0435\u0437\u043f\u0435\u0447\u043d\u043e\u0457 \u0436\u0438\u0442\u0442\u0454\u0434\u0456\u044f\u043b\u044c\u043d\u043e\u0441\u0442\u0456 \u0441\u0442\u0443\u0434\u0435\u043d\u0442\u0456\u0432 \/\/ \u041d\u0430\u0443\u043a\u0430 \u0456 \u043e\u0441\u0432\u0456\u0442\u0430: \u041f\u0435\u0434\u0430\u0433\u043e\u0433\u0456\u043a\u0430. &ndash; \u21169. &ndash; 2015. &ndash; \u0421.34&ndash;40.\n\t<\/li>\n<li style=\"text-align: justify;\">\n\t\t\u0413\u0432\u043e\u0437\u0434\u0456\u0439 \u0421.\u041f. \u0417\u0430\u0440\u0443\u0431\u0456\u0436\u043d\u0438\u0439 \u0434\u043e\u0441\u0432\u0456\u0434 \u043f\u0456\u0434\u0433\u043e\u0442\u043e\u0432\u043a\u0438 \u043c\u043e\u043b\u043e\u0434\u0456 \u0434\u043e \u0431\u0435\u0437\u043f\u0435\u0447\u043d\u043e\u0457 \u0436\u0438\u0442\u0442\u0454\u0434\u0456\u044f\u043b\u044c\u043d\u043e\u0441\u0442\u0456 \/\/ \u041d\u0430\u0443\u043a\u043e\u0432\u0438\u0439 \u0432\u0456\u0441\u043d\u0438\u043a \u041c\u0438\u043a\u043e\u043b\u0430\u0457\u0432\u0441\u044c\u043a\u043e\u0433\u043e \u043d\u0430\u0446\u0456\u043e\u043d\u0430\u043b\u044c\u043d\u043e\u0433\u043e \u0443\u043d\u0456\u0432\u0435\u0440\u0441\u0438\u0442\u0435\u0442\u0443 \u0456\u043c\u0435\u043d\u0456 \u0412. \u041e. \u0421\u0443\u0445\u043e\u043c\u043b\u0438\u043d\u0441\u044c\u043a\u043e\u0433\u043e : \u0437\u0431\u0456\u0440\u043d\u0438\u043a \u043d\u0430\u0443\u043a\u043e\u0432\u0438\u0445 \u043f\u0440\u0430\u0446\u044c. &ndash; 2016. &ndash; \u21161 (52), \u043b\u044e\u0442\u0438\u0439. &ndash; (\u0421\u0435\u0440\u0456\u044f &quot;\u041f\u0435\u0434\u0430\u0433\u043e\u0433\u0456\u0447\u043d\u0456 \u043d\u0430\u0443\u043a\u0438&quot;). &ndash; \u0421. 317&ndash;323.&nbsp;\n\t<\/li>\n<li style=\"text-align: justify;\">\n\t\t\u0413\u0432\u043e\u0437\u0434\u0456\u0439 \u0421.\u041f. \u0421\u0442\u0430\u043d\u043e\u0432\u043b\u0435\u043d\u0438\u0435 \u0444\u0435\u043d\u043e\u043c\u0435\u043d\u0430 &laquo;\u043a\u0443\u043b\u044c\u0442\u0443\u0440\u0430 \u0431\u0435\u0437\u043e\u043f\u0430\u0441\u043d\u043e\u0439 \u0436\u0438\u0437\u043d\u0435\u0434\u0435\u044f\u0442\u0435\u043b\u044c\u043d\u043e\u0441\u0442\u0438&raquo; \u0432 \u0441\u043e\u0432\u0440\u0435\u043c\u0435\u043d\u043d\u043e\u0439 \u043d\u0430\u0443\u043a\u0435 \/\/ Revista de Stiinte socio-umane. Edi\u0163ie didactico-metodic\u0103 a Universit\u0103\u0163ii pedagogice de Stat &quot;ION CREANG\u0102&quot;. &ndash; 2016. &ndash; \u2116 1 (32). &ndash; \u0421. 64&ndash;73.\n\t<\/li>\n<\/ol>\n","protected":false},"excerpt":{"rendered":"<p>\u0421\u0432\u0456\u0442\u043b\u0430\u043d\u0430 \u041f\u0435\u0442\u0440\u0456\u0432\u043d\u0430 \u0413\u0432\u043e\u0437\u0434\u0456\u0439 &ndash; \u0437\u0430\u0432\u0456\u0434\u0443\u0432\u0430\u0447 \u043a\u0430\u0444\u0435\u0434\u0440\u0438 \u043c\u0435\u0434\u0438\u0447\u043d\u0438\u0445 \u0437\u043d\u0430\u043d\u044c \u0442\u0430 \u0431\u0435\u0437\u043f\u0435\u043a\u0438 \u0436\u0438\u0442\u0442\u0454\u0434\u0456\u044f\u043b\u044c\u043d\u043e\u0441\u0442\u0456 \u041e\u0434\u0435\u0441\u044c\u043a\u043e\u0433\u043e \u043d\u0430\u0446\u0456\u043e\u043d\u0430\u043b\u044c\u043d\u043e\u0433\u043e \u0443\u043d\u0456\u0432\u0435\u0440\u0441\u0438\u0442\u0435\u0442\u0443 \u0456\u043c\u0435\u043d\u0456 \u0406.&nbsp;\u0406.&nbsp;\u041c\u0435\u0447\u043d\u0438\u043a\u043e\u0432\u0430, \u043a\u0430\u043d\u0434\u0438\u0434\u0430\u0442 \u043f\u0435\u0434\u0430\u0433\u043e\u0433\u0456\u0447\u043d\u0438\u0445 \u043d\u0430\u0443\u043a, \u0434\u043e\u0446\u0435\u043d\u0442. \u041a\u043e\u043b\u043e \u043d\u0430\u0443\u043a\u043e\u0432\u0438\u0445 \u0456\u043d\u0442\u0435\u0440\u0435\u0441\u0456\u0432: \u0442\u0435\u043e\u0440\u0456\u044f \u0442\u0430 \u043c\u0435\u0442\u043e\u0434\u0438\u043a\u0430 \u043f\u0440\u043e\u0444\u0435\u0441\u0456\u0439\u043d\u043e\u0457 \u043e\u0441\u0432\u0456\u0442\u0438, \u043d\u0430\u0432\u0447\u0430\u043d\u043d\u044f \u0441\u0442\u0443\u0434\u0435\u043d\u0442\u0456\u0432 \u043f\u0438\u0442\u0430\u043d\u043d\u044f\u043c \u0431\u0435\u0437\u043f\u0435\u0447\u043d\u043e\u0457 \u0436\u0438\u0442\u0442\u0454\u0434\u0456\u044f\u043b\u044c\u043d\u043e\u0441\u0442\u0456, \u0444\u043e\u0440\u043c\u0443\u0432\u0430\u043d\u043d\u044f \u043a\u0443\u043b\u044c\u0442\u0443\u0440\u0438 \u0431\u0435\u0437\u043f\u0435\u0447\u043d\u043e\u0457 \u0436\u0438\u0442\u0442\u0454\u0434\u0456\u044f\u043b\u044c\u043d\u043e\u0441\u0442\u0456, \u0443\u0434\u043e\u0441\u043a\u043e\u043d\u0430\u043b\u0435\u043d\u043d\u044f \u043c\u0435\u0442\u043e\u0434\u0438\u043a\u0438 \u0432\u0438\u043a\u043b\u0430\u0434\u0430\u043d\u043d\u044f \u0434\u0438\u0441\u0446\u0438\u043f\u043b\u0456\u043d \u0437 \u0431\u0435\u0437\u043f\u0435\u043a\u0438. \u0421\u0432\u0456\u0442\u043b\u0430\u043d\u0430 \u041f\u0435\u0442\u0440\u0456\u0432\u043d\u0430 \u0454 \u0430\u0432\u0442\u043e\u0440\u043e\u043c \u0442\u0430\u043a\u0438\u0445 \u043f\u0443\u0431\u043b\u0456\u043a\u0430\u0446\u0456\u0439: \u0413\u0432\u043e\u0437\u0434\u0456\u0439 \u0421.\u041f. \u041e\u0441\u0432\u0456\u0442\u044f\u043d\u0441\u044c\u043a\u0456 \u043f\u0456\u0434\u0445\u043e\u0434\u0438 \u0434\u043e \u0437\u0431\u0435\u0440\u0435\u0436\u0435\u043d\u043d\u044f &hellip; <\/p>\n<p><a class=\"more-link btn\" href=\"https:\/\/www.narodnaosvita.kiev.ua\/?page_id=4109\">Continue reading<\/a><\/p>\n","protected":false},"author":2,"featured_media":4111,"parent":226,"menu_order":0,"comment_status":"closed","ping_status":"closed","template":"","meta":{"footnotes":""},"class_list":["post-4109","page","type-page","status-publish","has-post-thumbnail","hentry","nodate","item-wrap"],"_links":{"self":[{"href":"https:\/\/www.narodnaosvita.kiev.ua\/index.php?rest_route=\/wp\/v2\/pages\/4109","targetHints":{"allow":["GET"]}}],"collection":[{"href":"https:\/\/www.narodnaosvita.kiev.ua\/index.php?rest_route=\/wp\/v2\/pages"}],"about":[{"href":"https:\/\/www.narodnaosvita.kiev.ua\/index.php?rest_route=\/wp\/v2\/types\/page"}],"author":[{"embeddable":true,"href":"https:\/\/www.narodnaosvita.kiev.ua\/index.php?rest_route=\/wp\/v2\/users\/2"}],"replies":[{"embeddable":true,"href":"https:\/\/www.narodnaosvita.kiev.ua\/index.php?rest_route=%2Fwp%2Fv2%2Fcomments&post=4109"}],"version-history":[{"count":1,"href":"https:\/\/www.narodnaosvita.kiev.ua\/index.php?rest_route=\/wp\/v2\/pages\/4109\/revisions"}],"predecessor-version":[{"id":4112,"href":"https:\/\/www.narodnaosvita.kiev.ua\/index.php?rest_route=\/wp\/v2\/pages\/4109\/revisions\/4112"}],"up":[{"embeddable":true,"href":"https:\/\/www.narodnaosvita.kiev.ua\/index.php?rest_route=\/wp\/v2\/pages\/226"}],"wp:featuredmedia":[{"embeddable":true,"href":"https:\/\/www.narodnaosvita.kiev.ua\/index.php?rest_route=\/wp\/v2\/media\/4111"}],"wp:attachment":[{"href":"https:\/\/www.narodnaosvita.kiev.ua\/index.php?rest_route=%2Fwp%2Fv2%2Fmedia&parent=4109"}],"curies":[{"name":"wp","href":"https:\/\/api.w.org\/{rel}","templated":true}]}}